at are the prime factors of r?
1613
Suppose 0 = 2*v + j - 2064, 5*v - 3*j + j = 5160. Let h = v - 309. What are the prime factors of h?
3, 241
Let b = 129 - 39. Suppose 3*w - 2*s = w + 36, -3*s - b = -5*w. Let o = w + 18. List the prime factors of o.
2, 3
Let g = -8378 - -9659. List the prime factors of g.
3, 7, 61
Let u = 49 - 44. Suppose u = -3*h + 11. Suppose 4*s = 2*y - 62, y - 32 - 7 = -h*s. What are the prime factors of y?
5, 7
Let p(g) = 825*g - 8371. What are the prime factors of p(23)?
2, 11, 241
Let t = -1845 - -3804. List the prime factors of t.
3, 653
Let m(q) = 2*q**2 + 11*q - 3. Let t be m(-9). Suppose -2*p = 4 - t. Let o(r) = 4*r - 75. List the prime factors of o(p).
37
Let z(l) = 83*l - 226. Let h be z(4). What are the prime factors of (-21806)/(-23) - h/1219?
2, 3, 79
Suppose -18852 = -4*u + 2*i, -u + 32*i - 27*i + 4713 = 0. List the prime factors of u.
3, 1571
Let h(i) = 4*i**2 + 39*i - 8. Let j be h(-10). Suppose x = 6*c - 3*c + 17, -39 = -j*x + 5*c. What are the prime factors of x?
2
Suppose -20*a + 24*a + 268 = 0. Let d = a - -48. List the prime factors of d/(-38)*(218 - 0).
109
Let m(j) = j**3 + 32. Suppose 2 = 8*r + 2. Let d be m(r). Suppose d*v - 36*v = -92. List the prime factors of v.
23
Suppose 4*c = -a, -3*c + 4 - 13 = 3*a. Let v(z) = -z + 48*z**2 - 2 + 3 - 3*z - 21*z**2. List the prime factors of v(c).
2, 3
Let u be (-2728)/33*(-3)/4. Suppose -2*k + u = -32. List the prime factors of k.
47
Suppose 0 = -4*x - 4, 3*x + 48 + 75 = 3*h. Suppose j = -y - h + 139, 3*y = 5*j + 313. What are the prime factors of y?
101
Suppose -914 = -7*z + 1109. Suppose 0 = -5*k - p + 2424 - z, 5*k + 3*p = 2145. List the prime factors of k.
2, 3, 71
Let r = 997 + 11648. List the prime factors of r.
3, 5, 281
Let x(u) = 7*u. Let b be x(1). Let j(o) = -2*o + 18 - o - 5*o - b*o. List the prime factors of j(-6).
2, 3
Let c(d) = -55*d - 118. Let r = -217 - -208. List the prime factors of c(r).
13, 29
Let p(g) = -g**2 + g + 63. Let z be p(0). Let w = z - 59. Suppose 0 = 2*t + w*t - 1044. List the prime factors of t.
2, 3, 29
Suppose -10*r = -8*r - 10. Suppose -s - 2*w = 2, r*s - 3 = -w - 4. Suppose -11*b + 9*b + 136 = s. What are the prime factors of b?
2, 17
Suppose 580*r = -p + 577*r + 10926, r = -5. List the prime factors of p.
3, 7, 521
Let z(c) = -c**3 + 92*c**2 + 304*c + 65. What are the prime factors of z(92)?
17, 97
Let r(t) = 31*t**2 - 2*t + 11. Let n be r(2). Suppose a = 413 - n. What are the prime factors of a?
2, 3, 47
Let d(y) = 4498*y**3 - y**2 - 36*y + 71. What are the prime factors of d(2)?
3, 67, 179
Let t(c) = 4*c - 78 + 125 + 6*c**2 + c. Let y be t(-6). Let a = 0 + y. What are the prime factors of a?
233
Suppose -3*i + 5*i + 5 = -h, 4*h - 4*i = 40. Suppose -h*z = 4*j - 62, -3*j = 2*j + 5*z - 75. What are the prime factors of 2/j - 13608/(-104)?
131
Let l be (-1)/(-1 - 0)*1143 + -2. Suppose 0 = -4*d - u + 911, 3 = -5*d - 2*u + l. Suppose 2*t - 5*t = -d. What are the prime factors of t?
2, 19
Suppose 4*l - 4*c - 9 = 3*l, 5*l - 4*c = 29. Suppose 14*w - 135 = l*w. What are the prime factors of 3*(505/w - -1)?
2, 13
Suppose 0 = -2*s + 8, -3*s - 11830 = -2*k + 23302. List the prime factors of k.
2, 23, 191
Let i(n) = -39*n - 15 + 44*n + 6*n**2 + 25*n**2 - n**2 - 11. What are the prime factors of i(-7)?
1409
Let k be ((-2380)/(-42))/((-3)/18). Let f = 613 + k. List the prime factors of f.
3, 7, 13
Let h(b) = 16*b + 229. Let y be h(-14). Suppose -y*k = 4*x - 4408, 3*x - k - 3881 = -575. What are the prime factors of x?
2, 19, 29
Let d be (-9)/(-4 - -1)*-23. Let t = 71 + d. List the prime factors of t + (6/(-6))/((-2)/62).
3, 11
Suppose -7*f + 3*f + 560 = 0. Let z = 248 - f. Let r = 62 + z. List the prime factors of r.
2, 5, 17
Suppose -1814 = -5*d + 371. Let q = d + 594. What are the prime factors of q?
1031
Let w = 121 - 167. Suppose a + 2*s = 2*a - 79, -5*s - 301 = -4*a. Let c = w + a. List the prime factors of c.
23
Let s(j) = -10*j**3 + 3*j**2 + 9*j - 10. Let u be s(-6). Let y = u + -1573. List the prime factors of y.
631
Let g be (262/11 - (-36)/198) + -4. List the prime factors of 581 + -4*(-15)/g.
2, 73
Suppose 4*l - 77 + 93 = 0. List the prime factors of (-13472)/40*((-9)/(-6) + l).
2, 421
Suppose 300620 = 137*p - 2802978. List the prime factors of p.
2, 47, 241
Suppose 19*z - 2346 = 30277. List the prime factors of z.
17, 101
Suppose 0 = -27*t + 30*t - 6. Suppose -11*x + t = -20. What are the prime factors of (5 - 1)*47/x?
2, 47
Let c(h) = -326*h**2 - 4*h + 10. Let v be c(2). Let i = 1897 + v. List the prime factors of i.
5, 7, 17
Let u(o) = 19*o + 224. Let z(b) = 56*b + 673. Let k(x) = -17*u(x) + 6*z(x). List the prime factors of k(35).
5, 137
Suppose 0 = 7*o - 77 - 252. Suppose -55*y = -o*y - 4440. List the prime factors of y.
3, 5, 37
Suppose 52*l = 33*l - 8531. Let z = l + 863. List the prime factors of z.
2, 3, 23
Let a be (-8)/(-24) - (-53)/3. Suppose 3*r - 2*r - 3*z = a, 5*z = 4*r - 37. List the prime factors of (r*(-67)/(-3))/1.
67
Suppose -4*n + 0*n = 48. Let o(w) = w**2 + 12*w + 22. Let a be o(n). Suppose 19*z = a*z - 321. What are the prime factors of z?
107
Suppose 4*k = -5*i + 29558, 5*k + 9*i - 36956 = 7*i. List the prime factors of k.
2, 3, 7, 11
Let a(j) = -7*j**3 - 64*j**2 - 17*j - 113. What are the prime factors of a(-16)?
3, 461
Suppose -4*y + 2*g = -145660, -381*y + 386*y - 182061 = -g. What are the prime factors of y?
13, 2801
What are the prime factors of 4/(-24 - 243169/(-10132))?
2, 17, 149
Let g(q) = q**3 + 69*q**2 - 157*q - 479. List the prime factors of g(-71).
2, 293
Let p = 172 + -342. Let u = 6 - 27. Let m = u - p. What are the prime factors of m?
149
Suppose -3*d = -4*i + 3*i - 2315, 3*d - 2309 = -2*i. Let a = 52 + -50. Suppose -y + d = 3*s + a*y, 5*y = 2*s - 500. List the prime factors of s.
3, 5, 17
Let k(i) = -i**3 + 7*i + 8. Let w be k(-3). Suppose 13*p = -w*p + 5427. What are the prime factors of p?
3, 67
Suppose 70*a + 251967 - 26504 = 1124053. List the prime factors of a.
3, 11, 389
Let r be (-3)/((-270)/(-102)) - -1 - (-116)/(-30). Suppose 2*m = -3*m - 25. List the prime factors of 205/25 + r/m.
3
Suppose 9*y - 3*y - 186 = 0. Let k = y + 32. What are the prime factors of k?
3, 7
Let i(w) = 11*w**2 - 43*w - 63. What are the prime factors of i(-15)?
3, 1019
Let y = -30301 + 56349. What are the prime factors of y?
2, 11, 37
Let w be (3 - 5)*-1 + -5 + 7. Let x(s) = 3*s**2 - 11 - w*s + 7 + s + 5. List the prime factors of x(3).
19
Let k(b) be the third derivative of 17/24*b**4 + 2*b**2 - 1/60*b**5 + 0*b + 0 - 5/3*b**3. List the prime factors of k(11).
2, 7
Let b(s) = -386*s + 674. List the prime factors of b(-18).
2, 37, 103
Suppose 2 = 6*z - 16. Let a be (1 - -1) + (1 - -48). Suppose -z*b + 216 + a = 3*l, -b - 87 = -l. List the prime factors of l.
2, 11
Suppose 11*o + 15 - 26 = 0. List the prime factors of 2 - (-66 + o - (7 + -5)).
3, 23
Suppose -q + 4 = -2*d - 8, 5*q + 4*d = 18. Let f(c) = -3 + 9*c**2 - c - c**3 + q - c**2 + 0. What are the prime factors of f(7)?
3, 5
Suppose -11*p - 236 = -7*p. Let l = p - -947. List the prime factors of l.
2, 3, 37
Suppose 10*b + 144 = 4. Let p(s) = -s**3 - 9*s**2 - 7*s + 46. What are the prime factors of p(b)?
2, 281
Suppose 4*y = -n - 3233, 5*y + 4*n - 1612 = 7*y. Let r = -454 - y. What are the prime factors of r?
2, 3, 59
Suppose 4*q + 13*a - 8*a = -3, -3*a = -3*q + 18. Suppose -q*t + 4*v + 1407 = 0, -4*t + 2*v - 567 = -2443. What are the prime factors of t?
7, 67
Let k be (-3 - -12) + 1 + 3 + -7. Suppose -4*w - 167 = 3*m, -114 = 2*m + k*w - 2*w. Let r = m + 78. List the prime factors of r.
5
Let o(m) = -2*m**2 + 56*m - 185. Let n be o(24). List the prime factors of 8*(4564/n)/4.
2, 163
Let r = 58 + -48. Suppose 14*y = 38 - r. Suppose n - y = 24. List the prime factors of n.
2, 13
Let f be (225/(-90))/(10/(-4)). What are the prime factors of (f - -2)/(39/13117)?
1009
Let a = -85 - -91. Suppose 36*j + a = 38*j. Suppose -2*g - g + 876 = j*w, 0 = w - 5*g - 316. What are the prime factors of w?
2, 37
Let p = -11885 - -16640. Suppose p = 9*v - 2184. What are the prime factors of v?
3, 257
Let c = -13586 - -23251. List the prime factors of c.
5, 1933
Let x = -4112 - -9894. List the prime factors of x.
2, 7, 59
Let d = 69 - -116. Let q = 1235 - d. List t